2/18). Suppose -4*w - 3*o + 1 = -0, 0 = a*o + 2. What is the units digit of w?
1
Let n(h) = -h**2 - 9*h + 8. Let d be n(-7). What is the units digit of 796/18 - d/99?
4
Let g be 9/(-5) - (-2)/(-10). Let o be g/((-6)/495) + -3. What is the units digit of 9/(-72) - o/(-16)?
0
What is the units digit of 7 - -48*128/24?
3
Suppose 3*a = 4*w - 12868, -22*a + 18*a = w - 3236. What is the thousands digit of w?
3
Suppose 2*l - 2*j = 22, -j + 3*j + 30 = 3*l. Suppose l*t - 38 = 26. What is the units digit of t?
8
Let f(n) = 435*n - 111. What is the units digit of f(4)?
9
Suppose -8*b - 37 = -5. Let s(t) = t**2 - 5*t - 3. Let l be s(5). What is the units digit of (-3 + 7)*l/b?
3
Let f = 401 + -434. Suppose -4*q = -4*y - 216, -5*q + y + 0*y = -258. Let j = q + f. What is the tens digit of j?
1
Let v be 0 - (-4 - 1/(-1)*2). Let y = -13 - -16. Suppose 3*n - 44 = 4*t, -y*t + v*t = -n + 15. What is the units digit of n?
6
Suppose -41*h = -43*h + 1634. What is the units digit of h?
7
Let t(n) = 6*n**2 - n + 1. Suppose -6*i + 10 = 4. What is the units digit of t(i)?
6
What is the hundreds digit of (268/(-28) + 1)/((-10)/560)?
4
Suppose 23 + 5 = 4*i. Suppose w - 2 - 8 = 4*x, -5*w - 3*x + 142 = 0. Let f = i + w. What is the units digit of f?
3
Suppose -y - y + 944 = -4*s, y - 5*s = 481. What is the hundreds digit of y?
4
Suppose 4*i = -i. Suppose i = -2*a - 21 + 5. Let t(d) = d**2 + 2*d + 1. What is the units digit of t(a)?
9
Let f = 6 - 33. Let t = 117 + f. What is the tens digit of t?
9
Suppose -g - 7 = -l - 2*g, -2*g + 2 = -2*l. What is the units digit of (-414)/(-4) + ((-15)/(-6) - l)?
3
Let x(m) = 364*m + 23. What is the hundreds digit of x(4)?
4
Suppose -8*b = -2987 - 125. What is the tens digit of b?
8
Suppose 2*x = o - 1183, 4*x - x - 3513 = -3*o. What is the units digit of o?
5
Suppose -3*h = -2*h - 2. What is the units digit of (15/(-9))/(h/(-84))?
0
Let u(i) be the second derivative of -i**3/6 - 15*i**2 + 9*i. Let b be u(-12). Let x = b + 43. What is the units digit of x?
5
Let d be 0/(-4 + 6) + (5 - -1). Let f be -1*17 - (-1 + 0). What is the tens digit of (54/(-8))/(d/f)?
1
Suppose -w + 7*w - 2478 = 0. What is the units digit of w?
3
Suppose -7*q - 34 = -9*q - 4*w, -q + 8 = -w. Let h = -1 - -2. Suppose q = 4*t - h. What is the units digit of t?
3
Suppose 5*w - 5*t - 2466 = -t, 5*t = 5*w - 2465. What is the tens digit of w?
9
Let m be 2/(-4 + 56/12). Suppose m*g = 2*i - 120, -2*g + 180 = 3*i - g. What is the units digit of i?
0
Let g(k) = 7*k - 2. Let c(y) = y**2 - 10*y + 15. Let l be c(6). Let m(r) = -r**3 - 9*r**2 - r - 5. Let u be m(l). What is the tens digit of g(u)?
2
Let l be ((-3)/9)/(1/(-12)) + -1. Let k be ((-2)/(-4))/(2/16). Suppose 4 = k*o - 4*x, -l*x - 4 = -4*o - 0. What is the units digit of o?
1
Let k(b) = -2*b - 386*b**2 + 4 + 387*b**2 + 1 + 6 - 3. Let p = 7 - 1. What is the tens digit of k(p)?
3
Suppose 4*r = -t + 18, 4*r - 92 = -4*t - 8. Suppose 4*o = w + 25, -5 = -2*w - 3*o - 0. Let s = t - w. What is the tens digit of s?
2
Let b(h) = -2*h**2 + 3*h**2 - 10*h - 3 + 0. Suppose 0 = -3*i + 7*l - 2*l + 46, 4*i - l = 50. What is the units digit of b(i)?
1
Let q be ((-2)/(-3))/((-1)/39). What is the tens digit of (12 - 4)/((-4)/q)?
5
Let z(d) = d. Let y(g) = 10*g + 18*g - 1 - 4. Let a(o) = -y(o) - 3*z(o). What is the tens digit of a(-2)?
6
Suppose -2*i = -2, 5*u - 2*i = -6*i + 49. What is the tens digit of (-15 - 3)/3*(-120)/u?
8
Suppose -2*r + 86 = 5*s - 325, r = s - 85. Let w = s - 78. What is the units digit of w?
5
Let n = 49 + -30. Let w = 10 + -13. What is the tens digit of 3 + w + 0 + n?
1
Suppose -2*f = -3*f + 200. Suppose 0*h = 2*h + 4*d - 140, -3*h - 4*d = -f. Suppose 3*o = -0*o + h. What is the units digit of o?
0
Let d(c) = 4*c**3 - 19*c**2 + 40*c - 25. Let o(x) = x**3 - 6*x**2 + 13*x - 8. Let u(i) = 2*d(i) - 7*o(i). Let f be u(4). What is the units digit of (8/6)/(4/f)?
0
Let w(g) = g. Let u be w(2). Suppose u*l - 20 = -10. Let h(x) = x + 14. What is the units digit of h(l)?
9
Let g(l) = l**3 - 8*l**2 + 6*l + 3. Let d be g(7). Let m be (30/d)/(6/(-20)). Suppose -7*h + m = -2*h - 4*a, 10 = 5*h - a. What is the units digit of h?
1
Suppose -2*y + 7 = -1. Suppose 3*s - y*s = 0. Suppose s = -3*f - 2*g + 90, -7*f + 2*f - 3*g + 150 = 0. What is the units digit of f?
0
Let l(f) = -43*f - 5. Let u be l(-13). What is the units digit of -4 + (-49)/(-14) + u/4?
8
Let o = 2 - 3. Let q be (-3 - -2)/(o/3). Suppose -3*r = q*v - 87, 0*r + v - 110 = -4*r. What is the units digit of r?
7
Suppose 4*u - 1455 = -3*m, 4*m - 4*u - 1306 - 606 = 0. What is the hundreds digit of m?
4
Suppose -2*j = -5*r + 681, 183 + 219 = 3*r + j. What is the units digit of r?
5
Let z = 413 - -492. What is the units digit of z?
5
Suppose -61052 - 11748 = -20*m. What is the thousands digit of m?
3
Suppose -w + 5*v + 30 = w, 5*w + 5*v - 5 = 0. Suppose z - q = -w*q + 77, 79 = z + 5*q. What is the tens digit of z?
6
Let v be 2/7 - (-206)/14. Suppose -5*i + 3*k - 35 = 0, 0 = -2*i - 11*k + 12*k - 13. What is the tens digit of v + 1*4/i?
1
Let s(h) = -h + 6. Let y be s(3). Let q(t) = 0*t + 4*t**y - 17*t**2 - 3*t**3 - 10 + 4*t**2 + 4*t. What is the units digit of q(13)?
2
Let g be (-550)/(-10)*(3/5 + -1). What is the hundreds digit of g/99 - (-2)/18*1244?
1
Let m(x) = -2*x**3 - 6*x**2 + 5*x + 1. Let s(n) be the second derivative of n**5/20 - n**2/2 - 2*n. Let r(w) = -m(w) - 3*s(w). What is the tens digit of r(4)?
1
Suppose -3*y + 1513 = -2*q, -10*y + 3*q = -7*y - 1518. What is the tens digit of y?
0
Let m = 238 + 60. What is the tens digit of m?
9
Suppose 0*w = -5*w + 10. Suppose k + w*k = -18. What is the units digit of (-1)/6 + (-25)/k?
4
Let l(z) = -394*z + 26. What is the tens digit of l(-7)?
8
Let m(d) = d**3 - 9*d**2 - d + 13. Let i(b) = -4*b - 15. Let u be i(-6). Let s be m(u). What is the units digit of s/(7/((-1036)/(-8)))?
4
Let x = 2 + 3. Suppose 5*q - 3 = 7, -x*h = -q - 73. Let m = -2 + h. What is the units digit of m?
3
What is the tens digit of (7472 - -1)/3 - (-26 - -31)?
8
Suppose -5*z + 19 = -2*q, 4*z - 3*q + q - 14 = 0. Suppose -z*d + 375 = 10. What is the tens digit of d?
7
Let c(g) = 31*g**3 - 2*g**2 - 2*g + 3. Let z be c(1). Suppose 4*x - z = 38. What is the units digit of x?
7
Let x = 8581 + -5557. What is the tens digit of x?
2
Let l = -45 + 54. Suppose 0 = -l*i - 2*i + 594. What is the units digit of i?
4
Let v = -5 - -13. Suppose 2*l = 2*x + 42, -4*x - x - 5 = 0. Let w = v + l. What is the units digit of w?
8
Suppose 0*b - 2*b = -14. Let c(s) = -4*s**2 + s + 12. Let p(k) = -k**2 + 1. Let v(r) = -c(r) + 3*p(r). What is the units digit of v(b)?
3
Suppose -w + 11 = 3*i - 2*i, -4*w = 3*i - 34. What is the units digit of 2/(-10) + 3122/i?
2
Suppose -3*s + 4*s = -9. Let t be 3/(-2)*(-42)/s. Let i(h) = -h + 10. What is the tens digit of i(t)?
1
What is the tens digit of -2 + 11/((-66)/(-3468))?
7
Let j = -8 + 10. Suppose 4*t = j*k - 26, 2*t + 7 = -k - 0*k. Suppose -k*r + 59 + 22 = 0. What is the tens digit of r?
2
Let m(j) be the first derivative of 2*j**3/3 + 13*j**2/2 - 12*j - 9. What is the tens digit of m(-10)?
5
Suppose -48*g + 65472 = -24*g. What is the tens digit of g?
2
Let n(d) be the third derivative of 3*d**2 + 1/6*d**3 + 3/8*d**4 + 1/60*d**5 + 0 + 0*d. What is the units digit of n(-9)?
1
Let f(r) = r**2 + 8*r + 144. What is the units digit of f(0)?
4
Let n(t) = 7*t**2 + 3*t + 1. Suppose -3*w + 36 - 27 = 0. What is the units digit of n(w)?
3
Suppose s = t + 7, -5*s + 11 = 3*t - 0*t. Let r be t - 0/4 - -5. Suppose -m + 9 = r*m + w, -2*w - 14 = -2*m. What is the units digit of m?
4
Suppose -139*z + 143*z - 4944 = 0. What is the units digit of z?
6
Suppose 3*y = -3*o - 2*y + 371, -655 = -5*o - y. Suppose -52*z + 55*z = o. What is the tens digit of z?
4
Suppose 2*q = 1235 + 1929. What is the hundreds digit of q?
5
Suppose 0 = 10*h - 68 - 692. Suppose 0 = 2*p - h - 66. What is the tens digit of p?
7
Suppose 0 = q - 4*l + 1, 2*l = -3*l. What is the units digit of 63 + 4*(q + 0)?
9
Suppose 0 = -5*d - 488 + 8553. Suppose 0 = 4*l - t - 1304, 5*l + 2*t = -t + d. What is the tens digit of l?
2
Let d = 5021 - 1302. What is the thousands digit of d?
3
Let x = -30 - -47. Let v be x/((-3)/(-42)*2). Let r = -58 + v. What is the tens digit of r?
6
Let k(a) = -6*a